late -10 - (5 + 0 + -58 + 4 + 4).
35
What is the value of 1 - (14 + 26 + -44)?
5
-3 + (2 - (7 - 11) - 2) + -13
-12
Evaluate -33 - (13 + 11 + -22 + 0 + -14).
-21
Evaluate (0 + 2 - -9) + -24 + 42 + -26.
3
32 - (34 - -12 - 38)
24
What is the value of -2 + 18 + -1 + (-268 - -248)?
-5
Calculate -1 + 33 - (-37 + -29 - -70).
28
Calculate -9 + 30 + 68 + -86.
3
What is 6 - (-13 + 8) - 10 - (1 - 4)?
4
What is the value of 3 - 7 - (-7 - (-2 + 10) - -11)?
0
What is the value of 2 - (-15 - -21 - (3 - 2))?
-3
14 + -21 + -1 + 22 + -9
5
Calculate -22 + 17 + -12 - -35.
18
Calculate 3 + -13 + -121 + 137.
6
What is the value of -18 + 4 + 20 - (1 - 5) - 19?
-9
Calculate -10 - (-8 + -1 + 3) - -6.
2
-8 + (-3 - -1) - 0
-10
What is 9 + -2 + 251 + -235?
23
-243 + 247 - (1 - 3 - -8 - 0)
-2
Calculate -22 + (-7 - -11) + 4.
-14
Evaluate 6 + -4 - (-8 - -17) - 6.
-13
Calculate -10 + -5 + -4 + (3 - -7) + 1.
-8
What is 1 + 4 + (-112 - -98)?
-9
What is the value of 23 - (9 + 9 + -8) - 2?
11
Calculate 4 + -4 + -2 + (5 - 5) + 13.
11
What is 15 + 37 + -100 - -19?
-29
What is the value of (2 - -7) + 26 + (8 - 33)?
10
Calculate (1 - 2) + (-11 + -8 - -13).
-7
3 + -25 + (-5 - (-7 + 7)) + 8
-19
Calculate (2 + 0 + 0 - -4) + 8 + -3.
11
What is (2 + 15 - 11) + (-1 - 2)?
3
Evaluate (20 - 17) + 4 + -7.
0
Calculate 5 + -11 + 12 + -4.
2
What is -5 + 12 + -14 - (2 - 7) - 7?
-9
What is -6 + (2 - (-3 - 2) - 2)?
-1
Evaluate 22 - 2 - (-1 - -14).
7
What is -1 - (1 - 19 - (-18 - -8 - -4))?
11
Calculate (36 - 25) + -31 + (3 - 6) - -8.
-15
Evaluate 7 + -25 - (11 - 35 - 6).
12
(-12 - -22) + 0 - (0 - -5)
5
Evaluate 4 + 7 + -29 - -15.
-3
Calculate -37 + 13 + -72 + 67.
-29
Calculate -18 + -1 + 17 + 9.
7
Evaluate (175 - 193) + 2 + 14.
-2
What is the value of (-11 + 21 - 5 - (-1 - -6)) + 0?
0
Evaluate 9 - (-18 + 17 + 14).
-4
-2 + -6 + (0 - (-5 + -16 + 9))
4
What is -17 - -4 - (-8 + (-5 - -4))?
-4
Calculate -10 + -4 - (-32 + 40).
-22
Calculate 9 - (0 - (8 + (-5 - -6)) - -14).
4
37 + -54 - (-1 + -2) - (1 + 9)
-24
What is the value of 7 - (-10 + 19 + -16)?
14
Evaluate 4 - (8 + -17 + -8 + 5).
16
Calculate 13 + -16 + (2 - 13 - -13).
-1
40 - 39 - (10 + -1) - 8
-16
Calculate 8 - (-4 - -2) - (81 + -72).
1
10 - (6 - 10) - (-3 - (6 - -1))
24
What is the value of -2 - (3 - 10 - -23 - 5)?
-13
(-19 - -6) + (-37 - -40)
-10
What is the value of 42 - (58 - (-24 + 10))?
-30
What is (2 - 2) + (-32 - (-5 + -4))?
-23
What is (-19 - (-1 - 5)) + 12?
-1
Evaluate 1 - (-13 + 29) - (-2 + -1).
-12
What is the value of (20 - 0) + (77 - 93)?
4
Calculate (-4 - -5 - -9) + -3 + 1.
8
What is 3 + 33 + -45 - (-1 + 27) - -5?
-30
What is the value of 4 + (11 - 10) - (3 - -2 - 12)?
12
Calculate (1 + -16 + 9 - -14) + -1 - 8.
-1
Calculate (-21 - -56) + -42 - (-1 - 0).
-6
(-10 - -1) + (-13 - (-7 - 26) - 18)
-7
Calculate 0 - -8 - (-56 - (-33 + -14)).
17
-8 + (3 - -11 - (22 - -4))
-20
Evaluate (1 - 1) + -1 + (-2 - -3) + 17.
17
Calculate -14 - (1 + -15 - -8).
-8
What is the value of -20 - (-10 - 0) - -23?
13
What is -28 + (0 + 28 - -39) - (-1 + 6)?
34
Calculate 9 + -4 + (-1 - -11) + -10.
5
Calculate 20 + 7 + -18 - (0 + -2 - -16).
-5
Evaluate 416 + -418 + 12 + 0.
10
9 + -4 - 1 - (-2 + 0)
6
(6 + -5 - 16) + 6 - (-1 - 1)
-7
What is 0 + 2 - (-10 - -21) - -3?
-6
19 - (11 + 49 - 31)
-10
Evaluate 176 + -168 + 0 + 1.
9
Evaluate -14 - -5 - -20 - -6.
17
Calculate -8 - -1 - (-17 + -26 + 30).
6
Calculate 73 + 0 + (-212 - -173).
34
What is -25 + -12 + 20 + 1?
-16
3 + 15 + (13 - 10) + -11
10
What is the value of (2 - (-3 - 14)) + (43 - 48)?
14
What is the value of -6 + (-27 - 15) - -23?
-25
Calculate (-8 - -10) + -7 + -11 + 3 + -3.
-16
What is 8 + -7 - 14 - -24?
11
Evaluate 23 + 10 + -29 - 8.
-4
What is 7 - (30 - (-7 - 11 - -5))?
-36
What is 0 - (0 + 1) - (-37 - -18)?
18
What is the value of -1 - -1 - (1 - -14)?
-15
What is the value of -3 - ((-67 - -65) + 2 + 8)?
-11
Evaluate -12 + 55 - (11 + 10).
22
What is the value of (-2 - 1 - 11) + 6?
-8
Evaluate 2 + (-8 - (-4 - 4) - (9 - -2)).
-9
Evaluate 12 + 1 - (94 - -21 - 75).
-27
8 + -5 - (-1 - 2) - (-2 + 14)
-6
Evaluate -4 + 6 - (1 - 0).
1
What is the value of 16 + (5 - 12) + -1 + 3?
11
-3 + 1 - (-13 - -1) - -4
14
0 + -5 + 16 + -7 + -4 - 11
-11
What is -5 + 20 - (37 + -31)?
9
18 - (-12 + 13 + 11 - 11)
17
What is the value of -6 + (1 - (7 - 4)) - -39?
31
What is 5 + (-5 - 4 - (1 + -7) - -12)?
14
What is -7 + (-9 - -8 - 2) - (0 + 6)?
-16
What is (-22 - -8) + 21 + (6 - -1)?
14
Calculate 0 + 2 + -3 - (37 + -50 + 29).
-17
-4 + -3 + (13 - (-8 - (-3 + -11)))
0
What is the value of (5 - (-16 - -24) - (-33 - -1)) + -7?
22
What is the value of (-3 - (-4 + -5)) + (-10 - -5 - -4)?
5
Evaluate -25 + 22 + (-12 - 16) + -1 + 10.
-22
What is 1 + 4 + -6 + -11?
-12
1980 + -1979 + (-1 - (-1 + -4) - 1)
4
What is the value of (-41 - -30) + (-3 + -2 - (4 - 34))?
14
What is the value of -326 + 300 - (0 - -4)?
-30
Evaluate 0 + -1 + (9 - (16 + -1)).
-7
What is 22 + 2 + (64 - 95)?
-7
Calculate (2 - 2) + -3 - (-112 + 114).
-5
Evaluate 13 - (1 + (-3 - -10 - (17 - 5))).
17
What is 6 - (-5 + (8 - 2) + (-5 - 0))?
10
Calculate 9 - (-38 - -15) - 52.
-20
What is the value of -9 - ((-3 - -2) + 3 + -4)?
-7
Calculate (-5 - -6) + (2 - 1) + -6 + 6.
2
-36 - (9 - (8 + 7))
-30
Calculate (-18 - (-11 + 1) - -2) + (-1 - 1).
-8
What is the value of 5 + (-7 + 0 - (-81 - -77)) + 32?
34
Calculate -1 + 1 - (-79 + 91).
-12
Calculate 4 + (-22 + 21 - (-3 + 5)).
1
Calculate -5 + -5 + (-9 - -17) - 7.
-9
What is the value of (5 - (3 + -2)) + (7 - -2) + -11?
2
What is 23 + 1 + (3 - (16 + 0))?
11
Calculate -14 + 6 + -5 + 5 + 19.
11
Evaluate 2 - (-1 + 40) - (-37 - (-60 - -29)).
-31
What is -1 - 2 - 0 - (137 - 175)?
35
-14 + 22 + (-4 - (9 - 6))
1
Evaluate -13 - (11 - (54 - 2) - -11).
17
Evaluate -33 + 36 - (0 + 1 + -1 + -1).
4
What is the value of -24 + -1 - (-2 + -14)?
-9
What is 1 + 1 - (-3 - -4) - 10?
-9
What is -8 + (-13 - 10) + 9 + 42?
20
Evaluate -118 + 102 + (-2 - -5) + 2.
-11
Calculate -3 - (4 + -11 - -5).
-1
What is 774 + -763 - (-8 - (2 - 3))?
18
-1 - 0 - (5 - -8 - 19)
5
Evaluate -9 + 7 - (0 + -2 + -14) - 0.
14
24 - (64 + -35 + -33)
28
What is the value of 38 - (11 + -13 - -2 - -16)?
22
Calculate (14 - 40) + 12 - -14 - (-16 + -1).
17
What is the value of 13 + -6 + (-3 - 5) + 2?
1
What is 2 - ((-32 - -32) + 1 + 6)?
-5
Calculate -8 + -1 + 2 + -550 + 556.
-1
Evaluate 1 + 11 + (-3 - -15 - (58 - 28)).
-6
Evaluate -12 + (-3 - -11) + (2 - -7).
5
Calculate 37 + (12 - 29) - (-2 + 2 + -1).
21
What is 13 + -1 + (-126 - -107)?
-7
Evaluate -4 + (3 - 7) + -4 + 5.
-7
-3 + 1 + -25 + -57 + 86
2
What is the value of 6 + (0 - (-2 + 0) - (65 - 68))?
11
(-13 + 2 + 8 - -26) + 3
26
Evaluate (41 - 9) + (-1 + 1 - 4) + -8.
20
What is (-10 - 11 - -20) + -15?
-16
What is -43 - (-10 + -18) - -37?
22
What is the value of -12 + (-4 - -11) - (24 - 59)?
30
Evaluate (-9 - (-9 + (-7 - -9))) + -4 + 12.
6
-18 + (21 - 10) + 2 + 0
-5
What is -622 + 608 + (-11 - (-1 + 1)) - -8?
-17
(2 - -13) + 3 - 15
3
What is the value of -2 + -3 + (14 - (9 - -2)) + -2?
-4
Evaluate 3 + (0 + -6 - (3 + -4 + 1)).
-3
What is the value of -4 + 14 - 1 - (3 - (-31 - -18))?
-7
15 + (-1 - 2) + -61 + 55
6
Calculate 12 + 1 + (3 - 28) + 7.
-5
Evaluate 1 + -5 + -3 + 2 + 5 + -7.
-7
What is 19 + (7 - 0) + 0 + -6 + -6?
14
What is the value of 5 - -1 - (8 - 1 - (21 + -27))?
-7
What is the value of (-43 - -25) + 28 + 0 + 11?
21
Evaluate (5 - -17) + -24 + -3.
-5
Evaluate 27 + (-21 - 41 - -20).
-15
(-18 - -1) + (3 - 3) + 4 + -1
-14
(-19 - -11 - (6 + -1)) + 38
25
What is the value of 2 + (6 - -4 - (-2 + (-5 - -12)))?
7
Evaluate 13 + -6 - -5 - (1 - -3).
8
Calculate 24 - (-13 - (-43 + 20)).
14
Evaluate (14 - 8) + -2 + 7 + 3.
14
What is the value of 7 + (0 - 0) - (76 + -72)?
3
What is -16 + (-5 + 12 - 8) - (-3 + 0)?
-14
What is the value of -18 + (-23 - 0 - -65)?
24
Evaluate (-7 - 0 - (78 - 72)) + (3 - -1).
-9
What is the value of -40 + 12 + -1 - -13?
-16
Evaluate 0 + (-8 - 4) + -4 + 0.
-16
What is 13 - (-4 - (-7 + (-4 - -10) - 0))?
16
-9 + 37 - (16 - 2)
14
Calculate 16 + (4 - (32 + -11)) + 32.
31
Calculate 3 + 9 + 6 + -22 + 10.
6
Evaluate -6 - (3 - (-20 - -12)).
-17
Evaluate -6 - (-2 + -1 + (-19 - (-1 - 18))).
-3
Calculate 0 - -31 - (1684 + -1661).
8
(-5 - -5 - 3) + -104 + 116
9
Evaluate 9 + (-6 - (2 + -6 + -3)).
10
Evaluate (9 - (13 + -2)) 